is the greatest common factor of 232016 and 16?
16
What is the greatest common divisor of 386325 and 51?
51
What is the greatest common divisor of 25366 and 132?
22
What is the greatest common divisor of 119 and 60011?
7
Calculate the greatest common divisor of 77 and 4067041.
11
Calculate the highest common factor of 540 and 22728060.
540
What is the highest common divisor of 216 and 1090584?
216
What is the highest common divisor of 1958 and 517?
11
Calculate the greatest common divisor of 147 and 27741.
21
Calculate the greatest common divisor of 87 and 16153.
29
What is the highest common factor of 399 and 134197?
133
Calculate the greatest common divisor of 2701299 and 383.
383
Calculate the highest common factor of 332432 and 948.
316
Calculate the greatest common divisor of 5322 and 150.
6
What is the highest common divisor of 5389 and 7157?
17
What is the highest common divisor of 28516 and 98?
2
What is the greatest common factor of 106 and 3257592?
106
What is the greatest common divisor of 157620 and 22720?
1420
Calculate the highest common divisor of 219396 and 282.
282
What is the greatest common factor of 279 and 23319?
9
What is the highest common divisor of 1343796 and 25764?
1356
What is the highest common divisor of 965549 and 17?
17
What is the greatest common divisor of 923 and 13?
13
What is the highest common factor of 603 and 99?
9
What is the highest common divisor of 21924 and 76473?
261
Calculate the highest common divisor of 25128 and 8027.
349
Calculate the greatest common factor of 117 and 246285.
117
What is the highest common factor of 92946 and 42?
42
What is the highest common divisor of 3015 and 189342?
603
What is the highest common factor of 732 and 187636?
244
Calculate the greatest common factor of 21 and 19677.
21
What is the highest common divisor of 5248 and 11758144?
2624
What is the highest common factor of 5850 and 77400?
450
What is the greatest common factor of 4379 and 1208?
151
What is the highest common divisor of 30 and 35250?
30
What is the greatest common divisor of 158459 and 21?
7
Calculate the greatest common divisor of 19630 and 637.
13
Calculate the greatest common divisor of 229178 and 57646.
1406
What is the greatest common factor of 1116 and 732933?
279
Calculate the greatest common divisor of 43898 and 188.
94
Calculate the greatest common divisor of 162165 and 57.
57
Calculate the highest common divisor of 48 and 1944408.
24
Calculate the greatest common factor of 83700 and 132.
12
Calculate the greatest common factor of 3575 and 120406.
143
Calculate the highest common factor of 14500 and 302000.
500
Calculate the highest common divisor of 606660 and 45.
15
Calculate the greatest common divisor of 1662 and 6582351.
831
Calculate the highest common divisor of 20438 and 990.
22
Calculate the highest common divisor of 1053 and 22923.
81
Calculate the greatest common divisor of 955 and 27313.
191
Calculate the highest common factor of 222351 and 411.
411
What is the highest common factor of 1992 and 32204?
332
Calculate the greatest common divisor of 92574 and 1554.
222
Calculate the highest common divisor of 278 and 138722.
278
What is the highest common factor of 41 and 2729042?
41
Calculate the greatest common factor of 7562038 and 229.
229
What is the highest common factor of 22780 and 255?
85
Calculate the highest common divisor of 3118 and 81.
1
Calculate the highest common factor of 107 and 80357.
107
What is the greatest common divisor of 6 and 42078?
6
What is the highest common factor of 16376 and 184?
184
Calculate the highest common factor of 176595 and 1464.
183
Calculate the highest common divisor of 56 and 136472.
56
What is the highest common divisor of 1581 and 3688473?
1581
What is the highest common divisor of 24675 and 231?
21
Calculate the greatest common factor of 571230 and 297.
99
Calculate the greatest common divisor of 86264 and 8200.
328
Calculate the highest common factor of 938 and 550606.
938
Calculate the greatest common factor of 220647 and 632.
79
What is the greatest common divisor of 1140 and 4320?
60
Calculate the greatest common divisor of 98340 and 11.
11
What is the greatest common factor of 118 and 79768?
118
What is the greatest common factor of 11 and 17216881?
11
What is the highest common divisor of 29151 and 984?
123
Calculate the greatest common factor of 286816 and 2.
2
What is the highest common divisor of 430196 and 130?
26
Calculate the greatest common divisor of 124 and 28892.
124
What is the greatest common divisor of 803 and 11231?
11
Calculate the highest common factor of 39588 and 3324.
12
Calculate the greatest common factor of 2896 and 6112008.
1448
Calculate the greatest common divisor of 1944852 and 273.
273
What is the highest common factor of 4760 and 3640?
280
What is the greatest common divisor of 84 and 116049?
3
Calculate the greatest common factor of 432 and 35856.
432
What is the greatest common divisor of 35 and 4145015?
35
Calculate the highest common divisor of 26 and 165841.
13
Calculate the highest common divisor of 2660 and 170620.
380
Calculate the greatest common factor of 162036 and 56.
28
Calculate the highest common divisor of 28 and 512022.
14
What is the greatest common factor of 2852 and 506?
46
What is the highest common divisor of 57 and 373046?
19
Calculate the highest common factor of 805 and 12915.
35
Calculate the greatest common divisor of 1152 and 4344.
24
What is the greatest common divisor of 83013 and 63?
21
Calculate the greatest common factor of 14782 and 13642.
38
What is the highest common factor of 872 and 51448?
872
What is the highest common divisor of 54298 and 68?
34
What is the greatest common divisor of 3750 and 80?
10
What is the highest common factor of 3260 and 160?
20
Calculate the highest common factor of 511 and 119.
7
Calculate the greatest common factor of 6821 and 323.
19
Calculate the greatest common factor of 8624 and 256.
16
What is the greatest common divisor of 1048408 and 696?
232
Calculate the highest common divisor of 432 and 82989.
9
Calculate the greatest common divisor of 5742 and 1269.
9
What is the greatest common factor of 91210 and 350?
70
What is the highest common factor of 560358 and 18?
18
What is the highest common factor of 1004 and 26857?
251
Calculate the highest common divisor of 265 and 607645.
265
Calculate the highest common divisor of 29195 and 430.
5
Calculate the greatest common divisor of 57 and 65683.
19
Calculate the greatest common divisor of 266312 and 56.
8
What is the highest common factor of 442 and 636259?
221
Calculate the highest common factor of 301499 and 77.
11
Calculate the highest common factor of 1505 and 2666.
43
What is the highest common divisor of 686 and 854?
14
Calculate the greatest common factor of 115800 and 11773.
193
What is the greatest common divisor of 82560 and 114?
6
Calculate the highest common factor of 168850 and 7150.
550
Calculate the highest common divisor of 474112 and 60416.
1024
What is the greatest common factor of 10379 and 6790?
97
Calculate the greatest common factor of 140178 and 384.
6
What is the highest common factor of 3341 and 67848?
257
What is the greatest common factor of 731 and 162024?
43
Calculate the highest common factor of 3622593 and 435.
87
What is the highest common divisor of 100667 and 146?
73
What is the highest common factor of 34 and 161024?
34
What is the highest common divisor of 132803 and 44?
11
What is the greatest common factor of 84715 and 10?
5
What is the greatest common factor of 159286 and 3650?
146
What is the highest common factor of 6516 and 16866?
18
What is the greatest common factor of 4614848 and 84?
28
Calculate the highest common factor of 16502 and 222.
74
Calculate the greatest common divisor of 27594 and 216.
54
What is the highest common factor of 2422 and 164869?
173
Calculate the greatest common divisor of 634016 and 4.
4
What is the highest common divisor of 225 and 607050?
225
What is the greatest common factor of 294 and 222?
6
Calculate the highest common factor of 388804 and 13.
13
What is the greatest common divisor of 39042 and 294?
6
Calculate the greatest common factor of 74 and 269.
1
Calculate the greatest common factor of 14304 and 736.